. Let b(f) = -f - 19. Let c(d) = 2*a(d) + 9*b(d). Give c(-10).
-7
Let o(q) be the third derivative of q**5/15 - 5*q**4/24 - q**3/2 - 31*q**2. Let d(i) = 7*i**2 - 9*i - 7. Let p(w) = 3*d(w) - 5*o(w). Calculate p(5).
9
Let s(q) = -q**2 - 6*q - 6. Let r be 2 + (-472)/(-18) - 8/36. Suppose -16 = -24*p + r*p. What is s(p)?
2
Let f(j) be the second derivative of -3*j**5/20 - j**4/12 + j**3/6 - j**2/2 - 9*j + 15. What is f(1)?
-4
Suppose -71*s - 8 = -69*s. Let k(w) = w**3 + 5*w**2 + 5*w - 2. Calculate k(s).
-6
Let b(x) = 20 + 14 - 8*x + 13 + 5*x - 29. Calculate b(8).
-6
Suppose -35 = -6*v - 47. Let r(z) = -z**2 + 2. Calculate r(v).
-2
Let c(z) be the third derivative of -z**6/120 + z**5/10 - 5*z**4/24 - z**3 - 10166*z**2. Suppose -2*o + 5*b + 30 = 0, 2*b = -2*o + 1 + 1. Determine c(o).
-6
Let y(i) = -i**3 + 5*i**2 + 2*i + 4. Let r(c) = -c**3 - 9*c**2 - 21*c - 1. Let n be r(-6). Suppose -6*u = -1 - n. Give y(u).
28
Let u(q) be the first derivative of -2*q**2 - q + 128. What is u(-2)?
7
Let d(s) = s**2 - s + 1. Suppose 2*y = -5*u + 3*u - 12, u - 18 = 3*y. Let h be y/(-15) - (-126)/35. Give d(h).
13
Let c(x) = -x - 4. Let b(a) = -a**3 + 25*a**2 + 18. Let f be b(25). Let z be (0/(-1))/(0 - 1). Suppose z = -4*s - j - f, 5*s + 2*j = -0*j - 24. Give c(s).
0
Suppose 0*u - 8 = -2*u. Let a(j) = -j - u + 3 - 2. Suppose 2*v + 2*v - 24 = 0. Calculate a(v).
-9
Let n(x) = x**3 - 6*x**2 + 4*x + 1. Let z(q) = -3*q - 46. Let h be z(-16). Let c(y) = -y**3 + 3*y**2 - 1. Let g be c(2). Let o = h + g. What is n(o)?
-4
Let x(d) = 2*d**3 - 26*d**2 + 17*d - 215. Let z be x(13). Let m(v) = -6*v - 6. Determine m(z).
-42
Let i(t) = -t**2 + t + 20. Let l = -563 + 568. Calculate i(l).
0
Let k(l) = 326*l - 320*l - 5 + 6*l**2 - 5*l**2. What is k(4)?
35
Let a(z) = 4*z**3 + z**2 + z - 1. Let g be a(1). Suppose -21 = 4*w - g. Let p(l) = -15*l**2 + 6*l**3 - l**3 + 10*l**2 + 4 - 4*l - 6*l**3. What is p(w)?
4
Suppose 0 = 47*r - 22*r - 50. Let t(m) be the first derivative of m**4/4 - m**3/3 - 2. Determine t(r).
4
Let c(n) be the third derivative of -1/60*n**5 - 15*n**2 + 0*n - 11/6*n**3 + 3/8*n**4 + 0. Determine c(8).
-3
Let v(w) = -w**3 + 4*w**2 - 4. Let z be ((-3)/(-2))/((-4)/(-8)). Suppose -z*c - 4*d - d - 3 = 0, 0 = -4*d - 12. Calculate v(c).
-4
Let i be (0 + -2)*(-2)/2. Let n(j) = 8*j**2 - 2*j - 11*j**3 - 1 - 9*j**i + 6*j**3. What is n(-1)?
5
Let k = -12 + 48. Let l = k + -30. Let m(f) = -f**3 + 7*f**2 - 6*f + 9. Give m(l).
9
Let k(z) be the first derivative of z**3/3 + z**2/2 - z + 232. Calculate k(2).
5
Suppose -24*k - 4*z - 56 = -20*k, -k + 2*z = 23. Let n(u) = u + 10. Determine n(k).
-7
Let h(i) = -3*i**3 - 3*i**2 - i. Let s(o) = -13*o**3 - 13*o**2 - 6*o - 2. Let w(m) = 5*h(m) - s(m). Give w(2).
-20
Let s(g) = g**2 + 2*g + 2. Let y = 8 - 11. Let v be s(y). Let l(d) = -108 + 205 - 108 + d. Give l(v).
-6
Let r(z) = z**2 + 6*z + 1. Let u(i) be the second derivative of -i**4/3 - 19*i**3/6 - 2*i**2 + 10*i. Let n(g) = 7*r(g) + 2*u(g). Determine n(3).
2
Let u(i) = 10*i - 109. Let k be u(11). Let o(c) = 21*c**3 + c. Determine o(k).
22
Let s(p) be the second derivative of p**5/20 + 11*p**4/12 + p**3/3 + 10*p**2 - 6*p. Let n be s(-11). Let t(b) = -b**3 - b**2 + 2*b + 3. Determine t(n).
3
Let f(g) = -2*g - 11. Let j be 24 + -33 + (-9)/(-3). Give f(j).
1
Let x(u) = -3*u. Suppose 5 = 4*m + 57. Let d = -9 - m. Give x(d).
-12
Let o(k) = k**2 + 2*k - 2. Let d(b) = -b**3 + 3*b**2 + 4*b + 2. Let f = 12 - 9. Suppose -2 = -f*a + 10. Let l be d(a). Give o(l).
6
Let m(i) be the first derivative of -2*i**3/3 + i - 16. Let s be m(1). Let d(l) = -l**2 - 2*l - 5 + 2 + 2*l**3 + 2. What is d(s)?
-2
Let c(x) = -2*x - 6. Suppose 40 + 5 = 3*o. Let l = 25 - o. Suppose -5*u - 24 = -2*j, -5*u + 5*j - l = 5. Give c(u).
6
Let z(l) = -l**3 + 8*l**2 - l + 8. Let o be z(8). Suppose -5*p + o*p + 30 = 0. Let v(j) = -5 - 7*j**2 - 4*j + 7*j + j**3 + 3*j. What is v(p)?
-5
Let r(l) = l + 24. Let u be r(-31). Let i(a) = -a. Let t(b) = 5*b + 8. Let s(k) = 4*i(k) + t(k). Determine s(u).
1
Let p(r) = 2*r - 32. Let y be p(9). Let o(b) = 2*b + 33. Determine o(y).
5
Let f(z) = -z**2 + 12*z - 12. Let g be f(11). Let t be 1 - (12/4)/g. Let q(s) = -s**3 + 5*s**2 - 5*s - 3. Determine q(t).
-7
Let w(i) = -i + 7. Let p be w(5). Let v(x) = 9 - 15 + p*x + x**2 - 6*x. Let c be 0/1 - (-18 - -13). What is v(c)?
-1
Suppose -211*m = -206*m - 20. Let c(o) = o**2 - 5*o - 4. Calculate c(m).
-8
Let q(a) = -a - 1. Let k = -100 + 70. Let b be (-72)/k*(-5)/(-2). Suppose -6 = 2*s, 32 = -b*y + y - 4*s. What is q(y)?
3
Let k(g) be the first derivative of g**4/4 + 5*g**3/3 - 3*g**2/2 - 6*g - 117. Calculate k(-6).
-24
Suppose u - 2 = 0, 5*u - 39 + 2 = 3*v. Let x(p) = 4*p - 2. Give x(v).
-38
Suppose -36*w = -41*w - 5. Let x(t) = 11*t**3 + t**2 + 4*t + 3. Calculate x(w).
-11
Let t(u) = -u**2 - 11*u - 22. Let h(z) = -z**3 + 41*z**2 + 42*z - 6. Let m be h(42). Determine t(m).
8
Let g(j) = 31*j + 67. Let r(p) = 11*p + 24. Let n(v) = -6*g(v) + 17*r(v). Give n(-6).
0
Let v(j) = -j**2 + j - 7. Let o(z) be the first derivative of z**3/3 - z**2 + 8*z - 1. Let q = -6 + 2. Let s(t) = q*o(t) - 5*v(t). Determine s(-3).
3
Let s(j) = -j**2 - 8*j + 1. Let f(z) = -4*z + 8. Let p be f(-4). Suppose -26*q = -p*q + 14. Calculate s(q).
8
Let n(a) be the third derivative of -a**6/120 + a**5/15 + 7*a**4/24 - 2*a**3/3 + 62*a**2 - a. What is n(5)?
6
Let m(d) = 15*d - 10. Let r be m(1). Suppose -4*x + 31 = -5*y, -y = -r*x + 26 - 3. Let a(h) = -2*h**2 + 7*h - 4. What is a(x)?
-8
Let b(x) = -11*x + 82. Let d be b(8). Let j(w) = -2*w - 1. Give j(d).
11
Let p(j) = -j**3 - 6*j**2 - 2*j + 1. Suppose -25 = -58*t + 63*t. Determine p(t).
-14
Suppose -39 = -5*g - 24. Let w(x) be the first derivative of -2*x + 3/2*x**2 - 5/3*x**3 - 2 + 1/4*x**4. Determine w(g).
-11
Let t(g) = -g**3 + 2*g**2 - 2*g + 3. Let x(f) = -2*f - 8. Let v be (-4)/(-6) - (-20)/(-3). Let z be x(v). Suppose 3*h = 2 + z. What is t(h)?
-1
Let w(g) be the second derivative of -1/12*g**4 + 5/2*g**2 + 0 - g**3 + 4*g. What is w(-6)?
5
Let n(m) = 126*m - 126*m + m**2 + 4*m**3 - 1. Let w(a) = -a**3 - 7*a**2 - 5*a + 7. Let u be w(-6). Determine n(u).
4
Let m(t) be the third derivative of t**6/120 - 2*t**5/15 + t**4/12 + 11*t**3/6 - 57*t**2. What is m(8)?
27
Let y = -9 - -10. Let l = -5 - -4. Let j(p) = -p**3 + p**2. Let t(s) = -10*s**3 + 8*s**2 - 2*s + 1. Let h(n) = l*t(n) + 6*j(n). Calculate h(y).
3
Let l(z) = -2*z - 4 + 4*z + z**2 + 2*z - 3*z. Let i(k) = k**2 - 6*k + 11. Let y be i(4). Determine l(y).
8
Let y(l) be the first derivative of -2*l**3/3 - l**2/2 - 2*l + 571. Suppose 7*t - 10 = 2*t. What is y(t)?
-12
Let v(r) = 3*r + r**3 + 6*r**2 - 1 - 2*r**2 - 6*r**2 - r**2. Let p(l) = l**3 + 7*l**2 + l + 9. Let s = 17 - 24. Let q be p(s). Determine v(q).
1
Suppose 10*q - 16*q - 84 = 0. Let d(v) = v**2 + 15*v + 13. Calculate d(q).
-1
Let p(v) = -10*v + 1. Let a(z) = -3*z**2 - 28*z - 3. Let u be a(-9). Let j(o) = -o**2 + 6*o - 1. Let c be j(u). Determine p(c).
11
Let y be (-161)/(-805) - (-3)/10. Let q(k) be the second derivative of 0*k**3 - 1/20*k**5 - y*k**2 + 0 - 5/12*k**4 + 11*k. Give q(-5).
-1
Let y(x) be the first derivative of x**4/4 + 3*x**3 + 4*x**2 - 4*x - 2. Let z(b) = 26*b**2 - 49*b**2 + 22*b**2 - 2 + 5*b. Let r be z(6). Calculate y(r).
-4
Let j = -5580 - -5587. Let q(b) = 2*b + 2. Let p(i) = 5*i + 6. Let a(t) = -3*p(t) + 8*q(t). Calculate a(j).
5
Let j(o) be the second derivative of -1/2*o**4 + 1/20*o**5 + 0*o**3 + 1/2*o**2 + 0 + 28*o. Calculate j(6).
1
Suppose -4*u - 3 = -11. Let o(g) = -29*g - 3 + 33*g + 0*g**2 - 2*g**2. What is o(u)?
-3
Let b(i) = -i - 4. Let n = -73 - -10. Let u = -66 - n. Give b(u).
-1
Let u(k) be the first derivative of 1/60*k**5 + 1/6*k**3 - 2*k**2 - 1/6*k**4 - 7 + 0*k. Let w(i) be the second derivative of u(i). Calculate w(4).
1
Let h(w) be the third derivative of 3*w**4/8 - w**3/3 - 12*w**2 - 1. Determine h(6).
52
Suppose 5*j - 4*o - 19 = -2*o, -4*j = 5*o - 35. Let b(r) = -r**2 - 10*r + r**3 + 10*r + j. Give b(0).
5
Let y(x) = -x**3 - 10*x**2 + 12*x + 11. Let a be y(-11). Suppose 0 = 5*t - a - 5. Let p(c) = -2*c**2 + c + 4*c**2 - 1 + c**2. Determine p(t).
3
Suppose -12 = 9*v - 13*v. Suppose -i - 2*i = -3*g + 15, v*g = -2*i. Let n(m) = -5*m - 26 + 3*m - m**g + 29. Calculate n(-3).
0
Let y(d) b